s of 3848055.
3, 5, 41, 6257
List the prime factors of 1729089.
3, 192121
What are the prime factors of 245753?
245753
What are the prime factors of 419762?
2, 7, 29983
List the prime factors of 4371185.
5, 7, 13, 739
List the prime factors of 445307.
445307
List the prime factors of 253374.
2, 3, 11, 349
List the prime factors of 574469.
7, 82067
List the prime factors of 648274.
2, 11, 79, 373
List the prime factors of 195871.
13, 19, 61
What are the prime factors of 15369900?
2, 3, 5, 7, 13, 563
List the prime factors of 31079385.
3, 5, 73, 9461
List the prime factors of 1428623.
7, 127, 1607
List the prime factors of 9635989.
11, 449, 1951
List the prime factors of 446229.
3, 7, 787
What are the prime factors of 15431018?
2, 1361, 5669
What are the prime factors of 3912556?
2, 19, 51481
What are the prime factors of 454861?
11, 41351
List the prime factors of 141183.
3, 7, 83
List the prime factors of 3589965.
3, 5, 79777
What are the prime factors of 642047?
7, 13103
List the prime factors of 10562.
2, 5281
What are the prime factors of 5185302?
2, 3, 409, 2113
List the prime factors of 302231.
173, 1747
What are the prime factors of 2879881?
41, 70241
List the prime factors of 325051.
325051
What are the prime factors of 475408?
2, 43, 691
List the prime factors of 21446800.
2, 5, 53617
List the prime factors of 29296587.
3, 9765529
What are the prime factors of 2766661?
2766661
List the prime factors of 3383990.
2, 5, 23, 14713
What are the prime factors of 4043?
13, 311
List the prime factors of 51588.
2, 3, 1433
List the prime factors of 5546305.
5, 907, 1223
List the prime factors of 643794.
2, 3, 61, 1759
List the prime factors of 951095.
5, 223, 853
List the prime factors of 4045991.
107, 37813
What are the prime factors of 1874059?
11, 170369
List the prime factors of 82719.
3, 7, 13, 101
List the prime factors of 241884.
2, 3, 6719
List the prime factors of 34066736.
2, 11, 41, 4721
What are the prime factors of 7766597?
101, 131, 587
List the prime factors of 24345045.
3, 5, 541001
List the prime factors of 1461331.
173, 8447
What are the prime factors of 1619198?
2, 7, 115657
What are the prime factors of 475118?
2, 7, 33937
List the prime factors of 27662990.
2, 5, 199, 13901
What are the prime factors of 8536606?
2, 13, 328331
List the prime factors of 418061.
7, 59723
What are the prime factors of 2400985?
5, 433, 1109
List the prime factors of 625.
5
What are the prime factors of 12664594?
2, 6332297
What are the prime factors of 8132637?
3, 37, 41, 1787
List the prime factors of 64253.
7, 67, 137
What are the prime factors of 61625?
5, 17, 29
What are the prime factors of 507462?
2, 3, 83, 1019
List the prime factors of 3298130.
2, 5, 11, 29983
What are the prime factors of 10871608?
2, 11, 1021
What are the prime factors of 592891?
13, 59, 773
List the prime factors of 488117.
7, 103, 677
What are the prime factors of 3456325?
5, 23, 6011
List the prime factors of 330512.
2, 7, 13, 227
What are the prime factors of 9612978?
2, 3, 29, 101, 547
What are the prime factors of 539963?
89, 6067
What are the prime factors of 19930537?
11, 1811867
List the prime factors of 408193.
79, 5167
List the prime factors of 42511.
7, 6073
What are the prime factors of 596423?
596423
What are the prime factors of 5170415?
5, 53, 109, 179
What are the prime factors of 195971?
195971
List the prime factors of 682583.
11, 62053
List the prime factors of 5499997.
97, 56701
What are the prime factors of 1669630?
2, 5, 103, 1621
What are the prime factors of 12323374?
2, 7, 443, 1987
What are the prime factors of 11973?
3, 13, 307
List the prime factors of 5405357.
5405357
What are the prime factors of 2226299?
79, 28181
List the prime factors of 25568067.
3, 7, 83, 14669
What are the prime factors of 620459?
7, 151, 587
List the prime factors of 535935.
3, 5, 35729
What are the prime factors of 587868?
2, 3, 48989
List the prime factors of 534278.
2, 267139
What are the prime factors of 467446?
2, 7, 173, 193
What are the prime factors of 4117858?
2, 47, 71, 617
What are the prime factors of 682225?
5, 29, 941
List the prime factors of 359957.
13, 27689
What are the prime factors of 154559?
127, 1217
What are the prime factors of 2908423?
7, 415489
What are the prime factors of 4450035?
3, 5, 296669
List the prime factors of 359425.
5, 11, 1307
List the prime factors of 86307.
3, 13, 2213
What are the prime factors of 144215?
5, 28843
List the prime factors of 293258.
2, 7, 20947
What are the prime factors of 2376242?
2, 11, 108011
List the prime factors of 7849846.
2, 37, 47, 61
What are the prime factors of 222286?
2, 111143
List the prime factors of 11173480.
2, 5, 279337
What are the prime factors of 48529?
13, 3733
List the prime factors of 8911263.
3, 2970421
What are the prime factors of 3762271?
23, 37, 4421
List the prime factors of 176213.
176213
What are the prime factors of 11831945?
5, 2366389
List the prime factors of 15951262.
2, 97, 82223
List the prime factors of 827498.
2, 7, 59107
What are the prime factors of 9626249?
9626249
List the prime factors of 1445834.
2, 13, 55609
What are the prime factors of 278313?
3, 7, 29, 457
List the prime factors of 3631461.
3, 929, 1303
List the prime factors of 13295026.
2, 1049, 6337
List the prime factors of 466177.
269, 1733
What are the prime factors of 523436?
2, 130859
List the prime factors of 5065342.
2, 179, 14149
List the prime factors of 10287728.
2, 11, 58453
List the prime factors of 15556525.
5, 61, 101
List the prime factors of 294280.
2, 5, 7, 1051
List the prime factors of 107102.
2, 53551
List the prime factors of 991178.
2, 495589
What are the prime factors of 47493?
3, 1759
List the prime factors of 890418.
2, 3, 148403
List the prime factors of 157535.
5, 7, 643
What are the prime factors of 11847?
3, 11, 359
List the prime factors of 12554825.
5, 29, 17317
What are the prime factors of 190994?
2, 29, 37, 89
List the prime factors of 2145897.
3, 13, 18341
What are the prime factors of 177282?
2, 3, 7, 67
List the prime factors of 433002.
2, 3, 72167
List the prime factors of 1929734.
2, 67, 14401
List the prime factors of 18827498.
2, 9413749
List the prime factors of 3172892.
2, 191, 4153
What are the prime factors of 595994?
2, 7, 42571
What are the prime factors of 28110?
2, 3, 5, 937
What are the prime factors of 244587?
3, 7, 19, 613
List the prime factors of 731594.
2, 365797
List the prime factors of 17013116.
2, 223, 19073
List the prime factors of 1210072.
2, 19, 419
List the prime factors of 4263854.
2, 7, 304561
What are the prime factors of 211201?
127, 1663
What are the prime factors of 10310017?
233, 44249
List the prime factors of 7778992.
2, 13, 149, 251
What are the prime factors of 1172567?
11, 37, 43, 67
What are the prime factors of 264995?
5, 52999
List the prime factors of 16043745.
3, 5, 1069583
What are the prime factors of 7475150?
2, 5, 149503
What are the prime factors of 272455?
5, 29, 1879
List the prime factors of 1498703.
17, 23, 3833
List the prime factors of 1455824.
2, 90989
What are the prime factors of 76775?
5, 37, 83
List the prime factors of 438694.
2, 401, 547
List the prime factors of 202941.
3, 22549
List the prime factors of 1913979.
3, 17, 37529
What are the prime factors of 252533?
252533
What are the prime factors of 1588507?
1588507
List the prime factors of 3344094.
2, 3, 13, 31, 461
What are the prime factors of 7000928?
2, 11, 19889
List the prime factors of 2034880.
2, 5, 6359
What are the prime factors of 40393941?
3, 7, 1923521
List the prime factors of 7699220.
2, 5, 384961
What are the prime factors of 18853974?
2, 3, 23, 45541
What are the prime factors of 5957952?
2, 3, 7, 11, 13, 31
List the prime factors of 1310737.
719, 1823
What are the prime factors of 2084525?
5, 199, 419
What are the prime factors of 108701?
71, 1531
What are the prime factors of 263159?
13, 31, 653
What are the prime factors of 1763037?
3, 195893
List the prime factors of 7982137.
7982137
List the prime factors of 5227652.
2, 1306913
List the prime factors of 1258362.
2, 3, 7, 3329
What are the prime factors of 216714?
2, 3, 19, 1901
List the prime factors of 388265.
5, 19, 61, 67
What are the prime factors of 1984110?
2, 3, 5, 66137